Let k(f) = -6*f + 7. Calculate k(-1).
13
Let a(l) = -l**3 + l**2 + 18*l - 25. What is a(4)?
-1
Let c(s) = -s**3 - 8*s**2 - 5*s + 14. Calculate c(-7).
0
Let q(s) = -s**2 - 11*s - 8. Give q(-9).
10
Let d(c) = -3*c**3 + 12*c**2 - 2*c + 8. Determine d(4).
0
Let q(d) = 3*d**3 - 2*d**2 - d + 2. Calculate q(-2).
-28
Let c(x) = 54*x - 33. Give c(-2).
-141
Let o(i) = 2*i + 8. What is o(-7)?
-6
Let i(v) = v**2 + 17*v + 43. Give i(-3).
1
Let k(o) = 2*o**3 + 19*o**2 + 10*o + 9. Determine k(-9).
0
Let i(v) = 63*v - 517. What is i(8)?
-13
Let x(w) = w**2 - 2*w + 11. Determine x(9).
74
Let w(z) = -4*z**2 + 9*z + 3. Give w(4).
-25
Let c(w) = w**3 + 2*w**2 - 4*w + 12. Calculate c(-4).
-4
Let m(g) = -g - 12. Determine m(4).
-16
Let v(y) = y**3 - 12*y**2 + 9*y + 20. Determine v(11).
-2
Let b(s) = 16*s - 32. Calculate b(2).
0
Let b(l) = -7*l + 16. Calculate b(10).
-54
Let g(j) = -j - 15. What is g(-9)?
-6
Let t(n) = -85*n - 84. Determine t(-1).
1
Let i(s) = -s**3 - 7*s**2 + 5*s - 19. Determine i(-8).
5
Let t(g) = g**3 + 31*g**2 - 99*g + 101. Calculate t(-34).
-1
Let d(a) = 4*a + 3. Determine d(-7).
-25
Let k(s) = s**3 - 6*s**2 + 4*s - 6. Calculate k(4).
-22
Let u(z) = z**3 - 8*z**2 + 9*z - 21. Calculate u(7).
-7
Let x(g) = 10*g**3. Determine x(-1).
-10
Let r(y) = y + 19. What is r(5)?
24
Let t(p) = p**2 + 48*p + 86. Give t(-46).
-6
Let w(k) = k**3 + 18*k**2 + 79*k + 16. Calculate w(-7).
2
Let m(c) = -c**3 - 11*c**2 + 4*c + 49. What is m(-11)?
5
Let u(m) = -m**3 + 10*m**2 - m + 8. Determine u(10).
-2
Let w(f) = 30*f + 65. Give w(-2).
5
Let z(u) = 12*u**3 - u**2 - u + 1. Calculate z(1).
11
Let h(o) = -o**3 + 9*o**2 - 9*o + 24. Determine h(8).
16
Let c(v) = 2*v**3 - 4*v**2 - 6*v - 4. Give c(3).
-4
Let z(s) = -s**3 + 6*s**2 - 6*s - 2. Calculate z(5).
-7
Let y(l) = l**2 + l + 2. Calculate y(0).
2
Let f(r) = -13*r - 507. Calculate f(-39).
0
Let i(w) = w**2 + 38*w + 200. Calculate i(-31).
-17
Let n(h) = -h**3 + 4*h**2 - 9. Give n(4).
-9
Let l(g) = -g + 6. What is l(15)?
-9
Let k(t) = 50*t + 468. Determine k(-9).
18
Let n(y) = 2*y - 10. Give n(-5).
-20
Let o(t) = 20*t + 113. Calculate o(-6).
-7
Let y(g) = 8*g**2 - g - 2. Give y(-1).
7
Let w(h) = 14*h + 32. Calculate w(-3).
-10
Let r(v) = -4*v**3 + v**2 + v - 1. Determine r(1).
-3
Let h(s) = -6*s - 26. Determine h(-6).
10
Let i(o) = -3*o**2 + o + 1. Give i(-1).
-3
Let i(a) = a**2 + 9*a + 12. Calculate i(-6).
-6
Let o(n) = -n**3 - 8*n**2 - 10*n - 7. Calculate o(-6).
-19
Let i(f) = -f**3 + 9*f**2 + 3*f - 13. Give i(9).
14
Let b(s) = 4*s - 5. What is b(-6)?
-29
Let z(g) = -g**3 - 13*g**2 - 6*g + 72. Calculate z(-12).
0
Let g(y) = 16*y - 339. Calculate g(22).
13
Let z(a) = -4*a - 51. Give z(-13).
1
Let v(r) = -3*r + 35. What is v(9)?
8
Let y(w) = 7*w**2 - 134*w + 10. What is y(19)?
-9
Let h(n) = -11*n**2 + 125*n - 47. What is h(11)?
-3
Let g(y) = -2*y - 2. What is g(-2)?
2
Let j(s) = 2*s**2 - 20*s - 15. Give j(10).
-15
Let n(l) = -l**3 - 5*l**2 + 7*l + 6. Give n(-6).
0
Let n(d) = -2*d**2 + 13*d + 15. Give n(13).
-154
Let g(t) = 25*t + 206. Determine g(-7).
31
Let y(m) = -m + 8. Determine y(13).
-5
Let l(w) = -w**2 + 8*w - 20. Give l(6).
-8
Let c(g) = -43*g**2 - 518*g - 18. Calculate c(-12).
6
Let a(u) = -2*u**3 + u**2 + 4*u - 6. What is a(2)?
-10
Let z(c) = -38*c**3 + c**2 - c + 1. What is z(1)?
-37
Let b(q) = -q**3 + 6*q**2 - 9*q + 6. Determine b(4).
2
Let r(u) = -5*u + 8. What is r(2)?
-2
Let x(k) = k**3 + 4*k**2 + k + 5. Give x(-4).
1
Let v(m) = -4*m + 16. Give v(-8).
48
Let q(h) = h**3 + 2*h**2. Give q(-3).
-9
Let s(g) = -g**3 - 10*g**2 - 8*g + 15. Give s(-9).
6
Let f(h) = h**3 + 16*h**2 + 16*h - 7. Give f(-15).
-22
Let u(w) = -w**2 - 16*w + 87. Determine u(-22).
-45
Let p(s) = s**3 - 2*s**2 + s - 1. Calculate p(2).
1
Let s(u) = -u**3 - 12*u**2 - 3*u + 85. Determine s(-11).
-3
Let o(b) = -b + 36. Give o(0).
36
Let w(l) = 2*l**2 - 47*l + 259. Give w(9).
-2
Let g(d) = d**3 - 4*d**2 + 9*d - 15. What is g(4)?
21
Let d(m) = -37*m + 219. Give d(6).
-3
Let p(v) = 2*v**2 + 3*v + 3. Calculate p(2).
17
Let m(a) = -2*a**3 + 3*a + 1. Give m(2).
-9
Let x(w) = w**3 - 2*w + 2. Give x(1).
1
Let m(x) = 2*x**2 - 39*x - 120. Determine m(22).
-10
Let u(m) = 6*m + 3. Give u(-3).
-15
Let l(g) = -14*g - 23. What is l(-2)?
5
Let b(o) = 5*o**2 - 21*o - 16. What is b(7)?
82
Let m(y) = -12*y + 3. Calculate m(-2).
27
Let f(o) = -66*o + 2. Determine f(1).
-64
Let p(v) = -v. Give p(11).
-11
Let q(t) = -t**3 + 7*t**2 - 11*t + 6. Determine q(4).
10
Let i(y) = -y**3 + 6*y**2 + 2*y + 8. Calculate i(6).
20
Let d(o) = 17*o + 67. Calculate d(-4).
-1
Let o(t) = -4*t + 35. Determine o(8).
3
Let l(z) = -15*z - 946. Determine l(-63).
-1
Let r(o) = o**2 + 16*o - 134. What is r(-22)?
-2
Let y(a) = -a**2 + a + 12. What is y(3)?
6
Let w(d) = -d + 38. Determine w(-18).
56
Let y(r) = -r**2 + 8*r + 45. Give y(9).
36
Let y(p) = -p**2 - 11*p + 23. What is y(-13)?
-3
Let w(h) = -h**2 - 38*h - 106. Calculate w(-35).
-1
Let w(y) = y + 3. What is w(-13)?
-10
Let x(s) = 2*s + 3. What is x(-5)?
-7
Let g(b) = 14*b - 95. What is g(7)?
3
Let g(s) = 2*s**2 - 47*s - 34. Give g(24).
-10
Let b(q) = -24*q**3 + 4*q**2 - 2*q. Give b(1).
-22
Let u(z) = -41*z**3 - 2*z + 2. What is u(1)?
-41
Let f(i) = -i**3 - 8*i**2 + 9*i - 12. What is f(-9)?
-12
Let i(t) = t**3 + 30*t**2 - 2*t - 63. Calculate i(-30).
-3
Let n(z) = z**2 + 3*z - 11. Calculate n(-4).
-7
Let w(x) = -x**2 + 5*x + 8. What is w(6)?
2
Let h(f) = 3*f + 10. Calculate h(-9).
-17
Let q(g) = -g**3 - 10*g**2 - 3*g - 5. What is q(-9)?
-59
Let g(k) = -k**3 - 3*k**2 + 45*k - 29. What is g(5)?
-4
Let g(q) = -q**3 - 6*q**2 + 2*q + 14. What is g(-6)?
2
Let t(o) = -2*o**2 + 16*o + 8. Calculate t(7).
22
Let r(t) = -t**3 + 15*t**2 + 15*t + 12. Calculate r(16).
-4
Let u(h) = -h**3 - 3*h**2 + 27*h + 60. Determine u(-5).
-25
Let y(i) = -i**3 + 5*i**2 + 10*i - 13. Calculate y(7).
-41
Let n(i) = -3*i - 49. Calculate n(-21).
14
Let z(h) = 5*h**2 - 2*h. What is z(3)?
39
Let o(a) = a**2 - 88*a - 551. Determine o(-6).
13
Let o(k) = 2*k - 24. Determine o(8).
-8
Let y(o) = -o**3 - 7*o**2 + 7*o + 5. What is y(-8)?
13
Let y(n) = n**2 + 10*n - 27. Give y(-12).
-3
Let u(f) = -33*f - 207. Calculate u(-6).
-9
Let j(r) = -r**2 + r - 30. Calculate j(10).
-120
Let w(c) = 31*c**3 - c - 1. Give w(-1).
-31
Let i(k) = 39*k - 30. Determine i(1).
9
Let t(a) = a**3 + 12*a**2 + 12*a + 13. Calculate t(-11).
2
Let w(d) = -3*d + 34. Calculate w(0).
34
Let z(q) = q**3 + 16*q**2 + 52*q + 36. Calculate z(-12).
-12
Let s(m) = 5*m**3 - 5*m**2 - 5*m - 4. Determine s(-2).
-54
Let n(z) = -z**2 - 11*z - 24. Give n(-7).
4
Let n(p) = -p**3 + 9*p**2 + 21*p + 7. Give n(11).
-4
Let q(r) = r - 2. Determine q(-2).
-4
Let j(t) = t**3 + 9*t**2 + 10*t + 18. What is j(-8)?
2
Let p(d) = 2*d**3 + 30*d**2 - 2*d - 4. Give p(-15).
26
Let c(s) = s + 7. Determine c(-7).
0
Let x(c) = c - 30. What is x(11)?
-19
Let y(v) = 19*v - 624. What is y(34)?
22
Let d(t) = -6*t + 8. Determine d(-1).
14
Let u(l) = -l**3 + 7*l**2 + 8*l - 12. What is u(8)?
-12
Let t(f) = f**3 - 7*f**2 - 7*f - 7. Calculate t(8).
1
Let h(a) = a**2 - 4. Calculate h(0).
-4
Let d(h) = h + 3. Determine d(10).
13
Let k(z) = 2*z**2 - 8*z - 22. What is k(8)?
42
Let p(x) = -4*x**2 - 5*x + 31. Determine p(0).
31
Let w(p) = p**2 + 10*p + 6. Calculate w(-11).
17
Let d(x) = -80*x. Calculate d(1).
-80
Let q(o) = -o**3 - 7*o**2 + 32*o + 4. Give q(-10).
-16
Let g(y) = y**3 + y**2 - 17. Determine g(0).
-17
Let y(z) = -2*z - 15. Calculate y(-8).
1
Let b(p) = -12*p**3 + 3*p**2 + 3*p + 3. Determine b(-2).
105
Let p(i) = -4*i - 11. Determine p(-9).
25
Let a(s) = -s**2 + 22*s + 108. Determine a(-4).
4
Let z(v) = v**3 + 16*v**2 + 18*v + 36. Give z(-15).
-9
Let t(m) = m**2 - 24*m + 33. Determine t(22).
-11
Let o(r) = 6*r + 6. Calculate o(-4).
-18
Let j(h) = -7*h**3 - h. What is j(1)?
-8
Let i(m) = -2*m**2 + 6*m - 6. Give i(5).
-26
Let s(j) = -9*j**2 - 332*j + 35. Give s(-37).
-2
Let g(k) = -k**3 + 8*k**2 - k + 9. What is g(8)?
1
Let g(y) = 5*y - 50. Give g(10).
0
Let q(r) = r**2 + 13*r. Calculate q(-13).
0
Let p(c) = c**2 + 5*c - 3. Give p(-5).
-3
Let w(m) = -m**2 - 9*m - 1. Determine w(-9).
-1
Let g(k) = -k**3 + 19*k**2 - 38*k + 84. Determine g(17).
16
Let y(s) = -2*s + 37. What is y(15)?
7
Let z(g) = 2*g**3 - 5*g**2 - 13*g + 10. Give z(4).
6
Let u(t)